1011110
In base 6, what is -3114 - 5?
-3123
In base 8, what is 0 + 335?
335
In base 13, what is -31 - -40?
c
In base 14, what is -51 - 0?
-51
In base 5, what is -33 - -121?
33
In base 12, what is -8 - 49?
-55
In base 13, what is 1 + -588?
-587
In base 12, what is -7 + -5?
-10
In base 14, what is 1 - d1?
-d0
In base 5, what is -4 + -1200?
-1204
In base 13, what is -20a - -5?
-205
In base 16, what is cfa + -3?
cf7
In base 13, what is 3 + 709?
70c
In base 2, what is 11 + -100101000?
-100100101
In base 6, what is -113 + 3?
-110
In base 5, what is 4 + -331?
-322
In base 10, what is 0 - -118?
118
In base 7, what is 2 + 5463?
5465
In base 16, what is ea - 5?
e5
In base 11, what is -3 + 134a?
1347
In base 2, what is -11 - -10010110?
10010011
In base 8, what is -7131 + 3?
-7126
In base 9, what is -17 - -40?
22
In base 14, what is -9 - 4a?
-55
In base 4, what is 112 + -111?
1
In base 5, what is 3 + -302?
-244
In base 7, what is -1 + 541?
540
In base 13, what is -113 + -4?
-117
In base 10, what is -5 + 3698?
3693
In base 8, what is 0 - -421?
421
In base 13, what is -1 - 35?
-36
In base 3, what is 10 - 10002?
-2222
In base 8, what is -4 - 13?
-17
In base 3, what is -20100101 + 2?
-20100022
In base 12, what is -29 + 1?
-28
In base 12, what is 38b + -4?
387
In base 15, what is -5 + -103?
-108
In base 16, what is 3 - 8d?
-8a
In base 10, what is -2 + 167?
165
In base 5, what is 2032 - 23?
2004
In base 15, what is -407 + 0?
-407
In base 12, what is -2 - 43?
-45
In base 15, what is -58 + -5?
-5d
In base 7, what is 1005 - 2?
1003
In base 11, what is 135 - -51?
186
In base 9, what is -47 - -2?
-45
In base 9, what is -5 + 121?
115
In base 9, what is -24 + -17?
-42
In base 2, what is 11 - -11011111?
11100010
In base 15, what is 284 + 1?
285
In base 9, what is -6 + -50?
-56
In base 13, what is -7 + -14?
-1b
In base 13, what is -8cb6 - -3?
-8cb3
In base 10, what is 857 - -1?
858
In base 16, what is 2a1 - 2?
29f
In base 15, what is -1e9 + -4?
-1ed
In base 13, what is -3b7 - -5?
-3b2
In base 12, what is -40 - 4?
-44
In base 12, what is -2611 + 2?
-260b
In base 3, what is 10 + 112222?
120002
In base 8, what is -2 - -1625?
1623
In base 7, what is -54 + -1?
-55
In base 11, what is -3 + -41?
-44
In base 16, what is -9b5 + 1?
-9b4
In base 7, what is 5530 + -2?
5525
In base 10, what is 5 - 916?
-911
In base 2, what is -11 + -10110100010?
-10110100101
In base 11, what is -1 - -59?
58
In base 3, what is -1010 - -110?
-200
In base 16, what is -60 - -1?
-5f
In base 3, what is 21022 - -2202?
101001
In base 10, what is -3 - 39?
-42
In base 2, what is 1011000 - -11?
1011011
In base 16, what is -6 - -46?
40
In base 5, what is -423 + 1?
-422
In base 3, what is -121 - -101001?
100110
In base 13, what is b0b - 6?
b05
In base 16, what is 36ab - 2?
36a9
In base 5, what is -121244 - -4?
-121240
In base 6, what is 1435 + -24?
1411
In base 14, what is -5 - 5c9?
-5d0
In base 10, what is -366 + 0?
-366
In base 2, what is 10 - 10100011001?
-10100010111
In base 16, what is -5 - c6?
-cb
In base 14, what is 3 + 162?
165
In base 12, what is -1 - 166?
-167
In base 14, what is -1a2 + 4?
-19c
In base 9, what is -338 + 6?
-332
In base 8, what is 1 - -612?
613
In base 2, what is 10111 - 100?
10011
In base 9, what is -138 - 14?
-153
In base 13, what is 4 + -61?
-5a
In base 9, what is -1 - -803?
802
In base 12, what is -5 + 138?
133
In base 4, what is 2 + 10?
12
In base 3, what is 21121222 + 11?
21122010
In base 7, what is -24 + -14?
-41
In base 6, what is 1 + 52?
53
In base 11, what is -90 - -6?
-85
In base 10, what is 86 - 2?
84
In base 16, what is 2f - 0?
2f
In base 6, what is -43212 - 5?
-43221
In base 8, what is -12 + -3332?
-3344
In base 11, what is -4 - -643?
63a
In base 2, what is -1 + 10111?
10110
In base 7, what is 201 + 11?
212
In base 6, what is -4544 - -5?
-4535
In base 3, what is 0 + -2021?
-2021
In base 11, what is 1 - 156?
-155
In base 12, what is -1194 - 6?
-119a
In base 9, what is 10 - 85?
-75
In base 6, what is -1 - 30?
-31
In base 15, what is -101 + 8?
-e8
In base 2, what is 100100100 - 0?
100100100
In base 14, what is -24c - 5?
-253
In base 4, what is -22 - 12232?
-12320
In base 16, what is -38 - 1?
-39
In base 14, what is -5 - 95?
-9a
In base 13, what is 2 + 20?
22
In base 4, what is 211 + -2?
203
In base 3, what is 21022 + 0?
21022
In base 5, what is -2123 - 11?
-2134
In base 13, what is 531 + -8?
526
In base 16, what is -1d3 - 1?
-1d4
In base 14, what is a - -575?
581
In base 5, what is 1100 - 10?
1040
In base 12, what is -6 + a?
4
In base 8, what is -150 + 5?
-143
In base 13, what is 573 - -5?
578
In base 10, what is -12 + 55?
43
In base 8, what is 6210 + 5?
6215
In base 6, what is 0 - 4553?
-4553
In base 10, what is -145 + -10?
-155
In base 11, what is -108a + -2?
-1091
In base 2, what is -1101 - -111?
-110
In base 10, what is 2 + 20?
22
In base 11, what is a6 + -15?
91
In base 8, what is 52 - 0?
52
In base 14, what is -7c + -c?
-8a
In base 6, what is -5 + -5?
-14
In base 11, what is -191 + -36?
-217
In base 9, what is 2 - 7?
-5
In base 9, what is 4 + 434?
438
In base 9, what is 5 + 1558?
1564
In base 6, what is 1332 - -30?
1402
In base 5, what is 131 + 3?
134
In base 4, what is -10 - -32211?
32201
In base 6, what is -5 - -14224?
14215
In base 6, what is -3 - -10102?
10055
In base 13, what is 1 + 107?
108
In base 2, what is 110001100 + 100?
110010000
In base 2, what is -100 - 110001011?
-110001111
In base 10, what is 5 + 60?
65
In base 2, what is -101 - -11?
-10
In base 15, what is 4 - 63?
-5e
In base 12, what is 1 + -159a?
-1599
In base 7, what is -3 + -5?
-11
In base 16, what is 26a + -1?
269
In base 12, what is 2 + 48?
4a
In base 16, what is -5fa + 3?
-5f7
In base 12, what is -139 + -1?
-13a
In base 13, what is -18 + 1a?
2
In base 12, what is -14 - 5?
-19
In base 14, what is 72 - 9?
67
In base 12, what is -2abb + 5?
-2ab6
In base 7, what is -4 - -6531?
6524
In base 15, what is 1017 - 3?
1014
In base 3, what is -12021 + 122?
-11122
In base 7, what is -102 + 3?
-66
In base 4, what is -1320 + 130?
-1130
In base 3, what is -21 + -21?
-112
In base 8, what is 3 + -17?
-14
In base 12, what is 213 + -28?
1a7
In base 15, what is 1c + 39?
56
In base 10, what is 71 + 10?
81
In base 2, what is 1011 + 100?
1111
In base 13, what is -7 + -1?
-8
In base 12, what is 1 - 51?
-50
In base 10, what is 10 + -57?
-47
In base 10, what is 8 + 2068?
2076
In base 8, what is -1 + -577?
-600
In base 5, what is 2 - 13214?
-13212
In base 8, what is 31 - 11?
20
In base 6, what is -20 - 1432?
-1452
In base 2, what is 110 - 100011010?
-100010100
In base 11, what is 5 + -404?
-3aa
In base 6, what is -3 + 20?
13
In base 9, what is -144 - 1?
-145
In base 6, what is 1515 - -4?
1523
In base 5, what is -1 - -2242?
2241
In base 13, what is 4175 + -1?
4174
In base 6, what is 3 - -101?
104
In base 5, what is 2402221 + -3?
2402213
In base 8, what is -2 - -512?
510
In base 8, what is 21 - -33?
54
In base 6, what is -115 + -5?
-124
In base 13, what is -a + 3?
-7
In base 9, what is -70 - 85?
-165
In base 15, what is -9a - -3?
-97
In base 9, what is -4 - -316?
312
In base 2, what is 10111101000 + 1?
10111101001
In base 7, what is -1061 + -2?
-1063
In base 9, what is 11 + -12?
-1
In base 13, what is b + -3?
8
In base 14, what is -12 + -19a?
-1ac
In base 3, what is 10 + 111?
121
In base 10, what is 2 - -3521?
3523
In base 12, what is 10 - 45?
-35
In base 9, what is -6 - 84?
-101
In base 14, what is 2 - -a7?
a9
In base 13, what is -1 - 88?
-89
In base 11, what is -2 - 338?
-33a
In base 11, what is a6 + -4?
a2
In base 3, what is 11010 + 12?
11022
In base 9, what is -88 - -57?
-31
In base 10, what is -136 - 5?
-141
In base 9, what is 4 + -864?
-860
In base 2, what is -1 - -110001111?
110001110
In base 4, what is 2 + -2120?
-2112
In base 3, what is 10 - 111110?
-111100
In base 13, what is -778 + 0?
-778
In base 8, what is -2400 + -14?
-2414
In base 2, what is 1010011 - 10?
1010001
In base 12, what is 3 - 44?
-41
In base 2, what is -10110 + 110100100?
110001110
In base 13, what is c8 - 2?
c6
In base 11, what is 5 - -2a?
34
In base 7, what is -142 - -11?
-131
In base 16, what is -af2 + -5?
-af7
In base 14, what is -2 - a?
-c
In base 6, what is 1544 + -10?
1534
In base 14, what is 72 - -1a?
8c
In base 7, what is 26112 + 0?
261